uppose 0 = -9*v + 27 + 9. What is the units digit of o(v)?
7
Suppose 0 = -2*r + 70 - 24. Let v = 391 + -350. Let y = v - r. What is the units digit of y?
8
Let w = -38 + 41. Suppose -4*g + w*g = -1, 183 = 5*r - 2*g. What is the tens digit of r?
3
Let c(s) = -10*s**3 - 2*s**2 + s - 1. Let d be c(-2). Let b be d - (-3 - 8/(-4)). Let u = b + -46. What is the units digit of u?
4
Suppose 1447 = -3*s + 2*m - 4*m, -4*s - 1918 = -3*m. Let o = s + 750. What is the units digit of o?
9
Let u be 4/2*(-118)/(-4). Let n be (-6)/(108/9) + (-11)/(-2). Suppose -n*f + u + 196 = 0. What is the tens digit of f?
5
What is the units digit of ((-559)/(-104))/(-43) - (-13593)/8?
9
Let b = 106 + -177. Let c(t) = -t**3 - 4*t**2 + 2*t - 1. Let s be c(-7). Let a = b + s. What is the tens digit of a?
6
Let c(n) = 5*n - 47. Let o be c(10). Suppose 2*p - o*p + 107 = -3*z, 0 = 3*p + 5*z - 307. What is the units digit of p?
4
Suppose -2466 = -2*s - 112. What is the hundreds digit of s?
1
Suppose 12*c - 482 - 850 = 0. Suppose -b = -77 - c. What is the hundreds digit of b?
1
Let x(b) = b**3 + 9*b**2 - 21*b + 14. Let h be x(-11). Suppose -h*q + 520 = f - 83, 0 = 3*f. What is the hundreds digit of q?
2
Let y be (-36)/48 - 19/(-4). Suppose -5*i - f + 219 = 0, 2*f = -y*i + 11 + 169. What is the tens digit of i?
4
Let g = -11 + 14. Suppose 0*k + 5 = -p - 4*k, g*p + k - 18 = 0. Suppose -s - p = -11. What is the units digit of s?
4
Let q = 118 + 143. What is the units digit of q?
1
Suppose 3*x + 5*l + 10 = 0, -2*l - 2*l = x + 8. Suppose -2*b - b + 333 = x. What is the units digit of b?
1
Let t be (6/(-4))/((-6)/(-12)). What is the units digit of 65/(-15)*t*3?
9
Let q = 45 + -45. Suppose -4*w - 5*g + 345 = q, 2*g + 114 = w + 44. What is the tens digit of w?
8
Let g = 953 + -488. Let o = g + -305. Suppose 0*k = 5*k - o. What is the units digit of k?
2
Suppose 0 = -39*h - 20*h + 25724. What is the hundreds digit of h?
4
Suppose -2*s - 82 = z - 211, -5*s + 135 = z. Suppose 5*j - 230 = z. What is the tens digit of j?
7
Let c(r) = r**2 - r - 2. Let x be c(-2). Suppose -2*f = f - 15. Suppose x = f*g - 1. What is the units digit of g?
1
Suppose -23*q - 182 = -21*q. What is the tens digit of (53 - 1)/(-6 - q/14)?
0
Let u = -592 - -977. What is the tens digit of u?
8
Let n(l) = 135*l - 78. What is the tens digit of n(4)?
6
Suppose -4*z - 45*q = -41*q - 1720, -3*q = -z + 410. What is the tens digit of z?
2
Suppose 0 = 3*s - 3*p + 1932, -3*s = 5*p - 711 + 2651. Let d = -364 - s. What is the hundreds digit of d?
2
Let b be 0/(3/(1 + -4)). Suppose b = 4*x + 5*o - 76, -x - 5*o - 92 = -4*x. What is the tens digit of x?
2
Let k(q) = q**2 - 6*q + 3. Let b be k(6). Let y(x) = -9*x - x - 2*x + b*x + 11. What is the tens digit of y(-4)?
4
Suppose -2*z - 57 + 377 = 0. Let m = 288 - z. What is the tens digit of m?
2
Let n(l) = 5*l + 14. Let c be n(-9). Let u = 6 - c. Suppose u - 9 = 2*v. What is the units digit of v?
4
What is the tens digit of (-16)/36 + ((-13418)/(-18) - 4)?
4
Suppose 0 = 4*l - a - 1525, l + 2*a = 118 + 261. What is the units digit of l?
1
Suppose -d + 4*m = -722, 3*m = 4*d + 8*m - 2972. What is the tens digit of d?
3
Suppose -2*k + 1136 + 10883 = 3*u, 0 = 4*k - 3*u - 24011. What is the units digit of k?
5
Suppose -s = -290 - 806. What is the thousands digit of s?
1
Suppose 2*t - 4*o - 53 - 363 = 0, 2*o = -4*t + 792. What is the tens digit of t?
0
Suppose -22*p = -17*p - 1815. Suppose 3*l - p = -0*l. What is the units digit of l?
1
Let y = 79 - 80. What is the units digit of (-4*(-10)/6)/(y/(-15))?
0
Let a(t) = -187*t - 1. What is the hundreds digit of a(-2)?
3
Let b = -4 - -8. Suppose 2*h = b - 0. Suppose 34 = 4*l - 3*l - h*s, -4*l = -s - 150. What is the units digit of l?
8
Let d = -55 + 49. Suppose 3*c - 2*x - 8 = 0, x = -x + 4. What is the tens digit of c/6 - 146/d?
2
Let m = 6 + -22. Let f = -15 - m. What is the tens digit of 3/f + 14/1?
1
What is the thousands digit of ((-96)/10)/(35/(69825/(-14)))?
1
Let j = 1929 - 35. What is the units digit of j?
4
Suppose -2*k + 2*o = 18, 5*k - o = -2*o - 51. Let x(j) = 15*j - 4*j + j**3 - 2*j + 11*j**2 + 6. What is the units digit of x(k)?
6
Let c(d) = 7*d**2 - 23*d + 13. What is the tens digit of c(-9)?
8
Let o(n) = 59*n**2 + 4*n - 109. What is the units digit of o(7)?
0
What is the thousands digit of (-3)/7 + (124894/98 - 13)?
1
Suppose -4*s = 5*s + 54. Let d(g) = -g**3 - 5*g**2 + 4*g + 20. What is the units digit of d(s)?
2
What is the tens digit of (8/(-6))/((-57)/44289)?
3
Let x(o) = o**2 + 36*o + 1674. What is the hundreds digit of x(0)?
6
Let f = -6384 - -11086. What is the tens digit of f?
0
Let c = -16 - -174. Suppose -30 = 4*a - c. Suppose 0 = -0*b + 2*b - a. What is the tens digit of b?
1
Suppose -3*n + 6033 = 7*f, -5*n + 2024 = -4*n - 2*f. What is the hundreds digit of n?
0
Let c = 590 + -662. Suppose -318 = -4*j + j. Let n = j + c. What is the units digit of n?
4
Let v be 8/(-36) + (-47)/(-9). Suppose 22 = v*u - 13. Suppose -4*c + 12 = 0, u*c = -3*l + 4*c + 30. What is the units digit of l?
7
Let r be 4/12*(4 - 1). What is the units digit of r*(410/4 + (-1)/(-2))?
3
Let b be 132/(-108) - 2/(-9). Let r be (b - 2)/(9/(-6)). Suppose 2*m + 3*m = -5*s + 180, 4*m = -r*s + 136. What is the tens digit of m?
3
Let z(d) = -9*d**3 + 5*d**2 + d - 2. What is the units digit of z(-2)?
8
What is the units digit of 106/(((-28)/(-77))/2)?
3
Let n be (-2 + 18/15)/(4/10). Let f(o) = 20*o**2 - 8*o - 11. What is the units digit of f(n)?
5
Suppose 0*m + 13 = m. Let p = m + -9. Suppose -5*d = u - 25, p*u + 5*d - 28 = 3*d. What is the units digit of u?
5
Let a be (15/(-6) + 1)/(3/(-24)). Let s(r) = -3*r + 53. What is the tens digit of s(a)?
1
Suppose 0 = 82*k - 85*k + 39. What is the hundreds digit of k/((-3)/(-48)*2)?
1
Suppose -3*c + 6*c = 0. Suppose c = -2*a + 124 + 140. What is the tens digit of a?
3
Suppose -4*k - 16 = -s, k - 4*k = -5*s + 12. Suppose -4*d = 3*m - 227, 2*d + m - 111 = -s*d. What is the tens digit of d?
5
Let g(l) = 13*l**2 + 1. Let d be g(-1). Suppose -3*m + 122 = d. What is the tens digit of m?
3
Let v(n) = -509*n + 13. What is the tens digit of v(-2)?
3
Let a be (-3)/(-9) + -1 + (-595)/3. Let t = -56 - a. What is the units digit of t?
3
Let p be (-38)/(-5) - 6/10. What is the units digit of -1*((-3 - p) + -1)?
1
Let m be (-6)/21 + (-26)/7. Let d be 8/(-32) + 179/m. Let a = -12 - d. What is the units digit of a?
3
Let h(k) = -k**2 + 11*k - 15. Let l be h(9). Suppose -82 = -g + 2*d, g = l*d - 25 + 107. What is the units digit of g?
2
Let q = 192 + -62. What is the units digit of q?
0
Let m(u) = u**3 - 2*u**2 - 3*u. Let v be m(3). Let p be 1 + v - (4 + -49). Suppose -f = i - 14, -f = -7*i + 3*i + p. What is the units digit of i?
2
Suppose -45 = -w + 4*w. Let v = 5 + w. Let h = 17 + v. What is the units digit of h?
7
Suppose 2*l - s - 520 = 0, -3*l + 787 = s + s. Suppose -6*r + l = 3*r. What is the units digit of r?
9
Let d(u) = -1 - 2*u**3 + 0*u**2 + 6*u**2 + u**3 - 2*u - 3. Let m be d(4). Let c = 33 - m. What is the tens digit of c?
1
Let s be (-5 - -1)/(0 - 2). Let m(b) = -b + 11*b**2 + 0*b**2 - 5 - 10*b**s. What is the tens digit of m(5)?
1
Suppose 0 = -2*r - 9 - 9. Let a = 195 - 179. Let l = r + a. What is the units digit of l?
7
Let s = 9165 + -4499. What is the tens digit of s?
6
Let n = 217 - 189. What is the units digit of n?
8
Let y(l) = 29*l - 17. Let v(k) = 10*k - 6. Let i(r) = -5*r + 3. Let u(w) = 9*i(w) + 4*v(w). Let c(p) = 34*u(p) + 6*y(p). What is the units digit of c(2)?
8
Suppose -4 + 14 = 2*i. Suppose 2*d = -0*d - i*u + 21, -3*d = u - 12. What is the tens digit of 262/4 + d/6?
6
Let b = 577 + -215. What is the units digit of b?
2
Let d be 162/2*1 - -3. Suppose -d = -x - 30. Suppose -4 = 5*p + 1, -3*p + x = 3*b. What is the tens digit of b?
1
Let t(h) = 46*h**3 - 4*h**2 + 5*h - 5. Let m be t(3). What is the tens digit of m/12 - 6/(-9)?
0
Let c(f) = -f**2 + 11*f - 12. Let z be (-70)/7 + 0 + 3. Let s(r) = -r**2 - 7*r + 8. Let h be s(z). What is the tens digit of c(h)?
1
What is the tens digit of 10786/4 - ((-27)/(-18) + 0)?
9
Let p be -4 + 3 - 12/3 - -1. Let h = 20 - p. What is the units digit of h?
4
Let u = 9 + -8. Let w be -1*(-1*16 + u). Let h = -8 + w. What is the units digit of h?
7
Suppose -5*x = 5*k, x + 2*